
{"id":1530,"date":"2019-08-06T13:17:53","date_gmt":"2019-08-06T11:17:53","guid":{"rendered":"https:\/\/www.huppy-patrimoine.fr\/?page_id=1530"},"modified":"2022-04-17T16:13:13","modified_gmt":"2022-04-17T14:13:13","slug":"huppy-commemoration-30-et-31-mai-2020","status":"publish","type":"page","link":"https:\/\/www.huppy-patrimoine.fr\/index.php\/huppy-commemoration-30-et-31-mai-2020\/","title":{"rendered":"Les journaux 1919 -1939"},"content":{"rendered":"<p style=\"text-align: center;\"><span style=\"color: #800000;\"><strong><span style=\"font-size: 14pt;\"><span style=\"font-family: 'times new roman', times, serif;\">&#8211; Au fil de l&rsquo;histoire &#8211;<\/span><\/span><\/strong><\/span><\/p>\n<p><span style=\"font-family: 'times new roman', times, serif; font-size: 14pt;\">Vous trouverez dans cette page de la documentation, des articles de journaux. Tous d&rsquo;avant la d\u00e9claration de guerre de 1939.<\/span><\/p>\n<blockquote class=\"wp-embedded-content\" data-secret=\"05LJvtkUqA\"><p><a href=\"https:\/\/www.huppy-patrimoine.fr\/index.php\/progres-de-la-somme-2\/progres-de-la-somme\/\">Progr\u00e8s de la Somme N\u00b0 21 884 &#8211; 21 septembre 1939<\/a><\/p><\/blockquote>\n<p><iframe loading=\"lazy\" class=\"wp-embedded-content\" sandbox=\"allow-scripts\" security=\"restricted\" style=\"position: absolute; clip: rect(1px, 1px, 1px, 1px);\" title=\"\u00ab\u00a0Progr\u00e8s de la Somme N\u00b0 21 884 &#8211; 21 septembre 1939\u00a0\u00bb &#8212; Huppy-Patrimoine.fr\" src=\"https:\/\/www.huppy-patrimoine.fr\/index.php\/progres-de-la-somme-2\/progres-de-la-somme\/embed\/#?secret=RLONiKMJBk#?secret=05LJvtkUqA\" data-secret=\"05LJvtkUqA\" width=\"600\" height=\"338\" frameborder=\"0\" marginwidth=\"0\" marginheight=\"0\" scrolling=\"no\"><\/iframe><\/p>\n<blockquote class=\"wp-embedded-content\" data-secret=\"HV0hYa1uh2\"><p><a href=\"https:\/\/www.huppy-patrimoine.fr\/index.php\/n-333-et-335\/\">Tous les N\u00b0 de MARIANNE en notre possession<\/a><\/p><\/blockquote>\n<p><iframe loading=\"lazy\" class=\"wp-embedded-content\" sandbox=\"allow-scripts\" security=\"restricted\" style=\"position: absolute; clip: rect(1px, 1px, 1px, 1px);\" title=\"\u00ab\u00a0Tous les N\u00b0 de MARIANNE en notre possession\u00a0\u00bb &#8212; Huppy-Patrimoine.fr\" src=\"https:\/\/www.huppy-patrimoine.fr\/index.php\/n-333-et-335\/embed\/#?secret=lBjDiPFAXx#?secret=HV0hYa1uh2\" data-secret=\"HV0hYa1uh2\" width=\"600\" height=\"338\" frameborder=\"0\" marginwidth=\"0\" marginheight=\"0\" scrolling=\"no\"><\/iframe><\/p>\n<p><span style=\"font-family: 'times new roman', times, serif; font-size: 14pt; color: #000000;\">Le trait\u00e9 de paix de Versailles sign\u00e9 le 28 juin 1919, entre l\u2019Allemagne et les puissances alli\u00e9s met fin \u00e0 la Premi\u00e8re Guerre Mondiale.<\/span><\/p>\n<blockquote class=\"wp-embedded-content\" data-secret=\"GRNHVZ9k4d\"><p><a href=\"https:\/\/www.huppy-patrimoine.fr\/index.php\/hitler-arrive-au-pouvoir\/\">Hitler arrive au pouvoir<\/a><\/p><\/blockquote>\n<p><iframe loading=\"lazy\" class=\"wp-embedded-content\" sandbox=\"allow-scripts\" security=\"restricted\" style=\"position: absolute; clip: rect(1px, 1px, 1px, 1px);\" title=\"\u00ab\u00a0Hitler arrive au pouvoir\u00a0\u00bb &#8212; Huppy-Patrimoine.fr\" src=\"https:\/\/www.huppy-patrimoine.fr\/index.php\/hitler-arrive-au-pouvoir\/embed\/#?secret=0YQLfh9B7r#?secret=GRNHVZ9k4d\" data-secret=\"GRNHVZ9k4d\" width=\"600\" height=\"338\" frameborder=\"0\" marginwidth=\"0\" marginheight=\"0\" scrolling=\"no\"><\/iframe><\/p>\n<p style=\"text-align: center;\">\n","protected":false},"excerpt":{"rendered":"<p>&#8211; Au fil de l&rsquo;histoire &#8211; Vous trouverez dans cette page de la documentation, des articles de journaux. Tous d&rsquo;avant la d\u00e9claration de guerre de<\/p>\n","protected":false},"author":2,"featured_media":2723,"parent":0,"menu_order":0,"comment_status":"closed","ping_status":"closed","template":"","meta":{"footnotes":""},"categories":[],"tags":[],"class_list":["post-1530","page","type-page","status-publish","has-post-thumbnail","hentry"],"_links":{"self":[{"href":"https:\/\/www.huppy-patrimoine.fr\/index.php\/wp-json\/wp\/v2\/pages\/1530","targetHints":{"allow":["GET"]}}],"collection":[{"href":"https:\/\/www.huppy-patrimoine.fr\/index.php\/wp-json\/wp\/v2\/pages"}],"about":[{"href":"https:\/\/www.huppy-patrimoine.fr\/index.php\/wp-json\/wp\/v2\/types\/page"}],"author":[{"embeddable":true,"href":"https:\/\/www.huppy-patrimoine.fr\/index.php\/wp-json\/wp\/v2\/users\/2"}],"replies":[{"embeddable":true,"href":"https:\/\/www.huppy-patrimoine.fr\/index.php\/wp-json\/wp\/v2\/comments?post=1530"}],"version-history":[{"count":36,"href":"https:\/\/www.huppy-patrimoine.fr\/index.php\/wp-json\/wp\/v2\/pages\/1530\/revisions"}],"predecessor-version":[{"id":5020,"href":"https:\/\/www.huppy-patrimoine.fr\/index.php\/wp-json\/wp\/v2\/pages\/1530\/revisions\/5020"}],"wp:featuredmedia":[{"embeddable":true,"href":"https:\/\/www.huppy-patrimoine.fr\/index.php\/wp-json\/wp\/v2\/media\/2723"}],"wp:attachment":[{"href":"https:\/\/www.huppy-patrimoine.fr\/index.php\/wp-json\/wp\/v2\/media?parent=1530"}],"wp:term":[{"taxonomy":"category","embeddable":true,"href":"https:\/\/www.huppy-patrimoine.fr\/index.php\/wp-json\/wp\/v2\/categories?post=1530"},{"taxonomy":"post_tag","embeddable":true,"href":"https:\/\/www.huppy-patrimoine.fr\/index.php\/wp-json\/wp\/v2\/tags?post=1530"}],"curies":[{"name":"wp","href":"https:\/\/api.w.org\/{rel}","templated":true}]}}