
{"id":1573,"date":"2019-08-09T16:52:29","date_gmt":"2019-08-09T14:52:29","guid":{"rendered":"https:\/\/www.huppy-patrimoine.fr\/?page_id=1573"},"modified":"2019-08-09T17:06:30","modified_gmt":"2019-08-09T15:06:30","slug":"les-raisons-dune-commemoration-a-huppy","status":"publish","type":"page","link":"https:\/\/www.huppy-patrimoine.fr\/index.php\/les-raisons-dune-commemoration-a-huppy\/","title":{"rendered":"Les raisons d&rsquo;une Comm\u00e9moration \u00e0 Huppy"},"content":{"rendered":"<p>&nbsp;<\/p>\n<p><img loading=\"lazy\" decoding=\"async\" class=\"img-responsive alignleft wp-image-1535 size-medium\" src=\"https:\/\/www.huppy-patrimoine.fr\/wp-content\/uploads\/2019\/08\/Capture-300x225.png\" alt=\"\" width=\"300\" height=\"225\" srcset=\"https:\/\/www.huppy-patrimoine.fr\/wp-content\/uploads\/2019\/08\/Capture-300x225.png 300w, https:\/\/www.huppy-patrimoine.fr\/wp-content\/uploads\/2019\/08\/Capture-768x577.png 768w, https:\/\/www.huppy-patrimoine.fr\/wp-content\/uploads\/2019\/08\/Capture.png 807w\" sizes=\"auto, (max-width: 300px) 100vw, 300px\" \/><\/p>\n<p>&nbsp;<\/p>\n<p><span style=\"font-family: 'times new roman', times, serif; font-size: 10pt; color: #000000;\"><strong>Les raisons d\u2019une Comm\u00e9moration \u00e0 Huppy ?<\/strong><\/span><\/p>\n<p><span style=\"font-family: 'times new roman', times, serif; font-size: 10pt; color: #000000;\">C\u2019\u00e9tait du 20 mai au 7 juin 1940, au sud d\u2019Abbeville.<\/span><\/p>\n<p><span style=\"font-family: 'times new roman', times, serif; font-size: 10pt; color: #000000;\">2020 sera l\u2019ann\u00e9e des 80 ans de cette bataille qui n\u2019a eu aucun \u00e9cho dans les livres d\u2019histoire de nos jeunes g\u00e9n\u00e9rations. Et pourtant, il y a 80 ans dans cette r\u00e9gion, s\u2019est pass\u00e9e une bataille des plus incroyables de la seconde Guerre Mondiale. Racont\u00e9e dans le livre d\u2019Henri de Wailly, la r\u00e9gion au sud d\u2019Abbeville fit l\u2019objet d\u2019une bataille opposant les alli\u00e9s contre les forces allemandes qui \u00e0 ce moment de la guerre semblaient \u00eatre invincible.<\/span><\/p>\n<p><span style=\"font-family: 'times new roman', times, serif; font-size: 10pt; color: #000000;\">Au soir du 28 mai 1940, Huppy est le premier village de la t\u00eate de pont mise en place par les allemands d\u00e9s le 20 mai, \u00e0 \u00eatre repris \u00e0 l\u2019ennemie.\u00a0 \u00a0 \u00a0 \u00a0 \u00a0 \u00a0 \u00a0 \u00a0 \u00a0 \u00a0 \u00a0 \u00a0 \u00a0 \u00a0 \u00a0 \u00a0 \u00a0 \u00a0 \u00a0 \u00a0 \u00a0 \u00a0 \u00a0 \u00a0 \u00a0 \u00a0 \u00a0 \u00a0 \u00a0 \u00a0 \u00a0 \u00a0 \u00a0 \u00a0 \u00a0 \u00a0 \u00a0 \u00a0 \u00a0 \u00a0 \u00a0 \u00a0 \u00a0 \u00a0 \u00a0 \u00a0 \u00a0 \u00a0 \u00a0 \u00a0 \u00a0 \u00a0 \u00a0 \u00a0 \u00a0 \u00a0 \u00a0 \u00a0 \u00a0 \u00a0 \u00a0 \u00a0 \u00a0 \u00a0 \u00a0 \u00a0 \u00a0 \u00a0 \u00a0 \u00a0 \u00a0 \u00a0 \u00a0 \u00a0 \u00a0 \u00a0 \u00a0 \u00a0 \u00a0 \u00a0 \u00a0 \u00a0 \u00a0 \u00a0 \u00a0 \u00a0 \u00a0 \u00a0 \u00a0 \u00a0 \u00a0 \u00a0 \u00a0 \u00a0 \u00a0 \u00a0 \u00a0 \u00a0 \u00a0 \u00a0 \u00a0 \u00a0 \u00a0 \u00a0 \u00a0 \u00a0 \u00a0 \u00a0 \u00a0 \u00a0 \u00a0 \u00a0 \u00a0 \u00a0 \u00a0 \u00a0 \u00a0 \u00a0 \u00a0 \u00a0 \u00a0 \u00a0 \u00a0 \u00a0 \u00a0 \u00a0 \u00a0 \u00a0 \u00a0 \u00a0 \u00a0 \u00a0 \u00a0 \u00a0 \u00a0 \u00a0 \u00a0 \u00a0 \u00a0 \u00a0 \u00a0 \u00a0 <strong>1949<\/strong><\/span><\/p>\n<p><span style=\"font-family: 'times new roman', times, serif; font-size: 10pt; color: #000000;\">Le 29 mai 1949, est une journ\u00e9e inoubliable pour les huppinois. Plus de 5 000 personnes \u00e9taient pr\u00e9sentent dans les rues et le parc du ch\u00e2teau de Huppy. Quel \u00e9v\u00e9nement pouvait donc rassembler tant de personnes dans ce petit village du Vimeu de 700 \u00e2mes\u00a0:<\/span><\/p>\n<p><span style=\"font-family: 'times new roman', times, serif; font-size: 10pt; color: #000000;\">La visite de celui qui 9 ans plut\u00f4t avait install\u00e9 son poste de commandement dans l\u2019enceinte du ch\u00e2teau de Huppy. Le g\u00e9n\u00e9ral De Gaulle revenait \u00e0 Huppy pour le premier rassemblement de la IV DCR. Ce jour l\u00e0, apr\u00e8s l\u2019office religieux, c\u00e9l\u00e9br\u00e9 sur le perron du ch\u00e2teau et de l\u2019inauguration de la plaque comm\u00e9morative \u00e9rig\u00e9e sur le mur d\u2019enceinte du ch\u00e2teau, le g\u00e9n\u00e9ral De Gaulle, lors de son discours devant cette foule innombrable, pronon\u00e7a cette phrase :<\/span><\/p>\n<p><span style=\"font-family: 'times new roman', times, serif; font-size: 10pt; color: #000000;\"><strong><em>\u00ab\u00a0Oui, c\u2019est ici qu\u2019en vint l\u2019id\u00e9e \u00e0 celui qui vous parle, quand il s\u2019aper\u00e7ut d\u2019abord que les Fran\u00e7ais, pourvu qu\u2019ils fussent command\u00e9s et coh\u00e9rents, ne le c\u00e9daient en rien \u00e0 l\u2019ennemie le mieux arm\u00e9.\u00a0\u00bb<\/em><\/strong><\/span><\/p>\n<p><span style=\"font-family: 'times new roman', times, serif; font-size: 10pt; color: #000000;\"><strong>1964<\/strong><\/span><\/p>\n<p><span style=\"font-family: 'times new roman', times, serif; font-size: 10pt; color: #000000;\">Charles De Gaulle, Pr\u00e9sident de la R\u00e9publique, revient une derni\u00e8re fois dans le village de Huppy lors de sa visite pr\u00e9sidentielle en Picardie en juin 1964.<\/span><\/p>\n<p><span style=\"font-family: 'times new roman', times, serif; font-size: 10pt; color: #000000;\">Huppy, peut-\u00eatre consid\u00e9r\u00e9 comme le second lieu de naissance de ce militaire de strat\u00e8ge et du grand homme politique qu\u2019\u00e9tait g\u00e9n\u00e9ral De Gaulle.<\/span><\/p>\n<p><span style=\"font-family: 'times new roman', times, serif; font-size: 10pt; color: #000000;\"><strong>Le monument Europ\u00e9en &amp; La r\u00e9conciliation<\/strong><\/span><\/p>\n<p><span style=\"font-family: 'times new roman', times, serif; font-size: 10pt; color: #000000;\">\u00c9rig\u00e9 en 1990, \u00e0 l\u2019initiative de M. Robert Mallet, ancien recteur d\u2019universit\u00e9, ancien combattant bless\u00e9 en 1940,\u00a0 le monument de Huppy est le t\u00e9moin de la r\u00e9conciliation entre les nations, de la construction de l\u2019Europe et de son avenir. Il est le seul de la Picardie \u00e0 porter sur sa face arri\u00e8re les citations du g\u00e9n\u00e9ral Charles De Gaulle et du Chancelier Konrad Adenauer et sur sa face avant les casques des trois bellig\u00e9rants de 1940 :<\/span><\/p>\n<p><span style=\"font-family: 'times new roman', times, serif; font-size: 10pt; color: #000000;\"><strong>Anglais \u2013 Fran\u00e7ais \u2013 Allemand<\/strong><\/span><\/p>\n<p>Poursuivre sa lecture en cliquant sur:\u00a0 <a href=\"https:\/\/www.huppy-patrimoine.fr\/index.php\/hitler-arrive-au-pouvoir\/\"><span style=\"color: #0000ff;\">\u00ab Au fil de l\u2019histoire\u00a0\u00bb<\/span><\/a><\/p>\n","protected":false},"excerpt":{"rendered":"<p>&nbsp; &nbsp; Les raisons d\u2019une Comm\u00e9moration \u00e0 Huppy ? C\u2019\u00e9tait du 20 mai au 7 juin 1940, au sud d\u2019Abbeville. 2020 sera l\u2019ann\u00e9e des 80<\/p>\n","protected":false},"author":2,"featured_media":0,"parent":0,"menu_order":0,"comment_status":"closed","ping_status":"closed","template":"","meta":{"footnotes":""},"categories":[],"tags":[],"class_list":["post-1573","page","type-page","status-publish","hentry"],"_links":{"self":[{"href":"https:\/\/www.huppy-patrimoine.fr\/index.php\/wp-json\/wp\/v2\/pages\/1573","targetHints":{"allow":["GET"]}}],"collection":[{"href":"https:\/\/www.huppy-patrimoine.fr\/index.php\/wp-json\/wp\/v2\/pages"}],"about":[{"href":"https:\/\/www.huppy-patrimoine.fr\/index.php\/wp-json\/wp\/v2\/types\/page"}],"author":[{"embeddable":true,"href":"https:\/\/www.huppy-patrimoine.fr\/index.php\/wp-json\/wp\/v2\/users\/2"}],"replies":[{"embeddable":true,"href":"https:\/\/www.huppy-patrimoine.fr\/index.php\/wp-json\/wp\/v2\/comments?post=1573"}],"version-history":[{"count":5,"href":"https:\/\/www.huppy-patrimoine.fr\/index.php\/wp-json\/wp\/v2\/pages\/1573\/revisions"}],"predecessor-version":[{"id":1580,"href":"https:\/\/www.huppy-patrimoine.fr\/index.php\/wp-json\/wp\/v2\/pages\/1573\/revisions\/1580"}],"wp:attachment":[{"href":"https:\/\/www.huppy-patrimoine.fr\/index.php\/wp-json\/wp\/v2\/media?parent=1573"}],"wp:term":[{"taxonomy":"category","embeddable":true,"href":"https:\/\/www.huppy-patrimoine.fr\/index.php\/wp-json\/wp\/v2\/categories?post=1573"},{"taxonomy":"post_tag","embeddable":true,"href":"https:\/\/www.huppy-patrimoine.fr\/index.php\/wp-json\/wp\/v2\/tags?post=1573"}],"curies":[{"name":"wp","href":"https:\/\/api.w.org\/{rel}","templated":true}]}}

Les raisons d&rsquo;une Commémoration à Huppy

<p>&nbsp;</p>
<p><img loading="lazy" decoding="async" class="img-responsive alignleft wp-image-1535 size-medium" src="https://www.huppy-patrimoine.fr/wp-content/uploads/2019/08/Capture-300x225.png" alt="" width="300" height="225" srcset="https://www.huppy-patrimoine.fr/wp-content/uploads/2019/08/Capture-300x225.png 300w, https://www.huppy-patrimoine.fr/wp-content/uploads/2019/08/Capture-768x577.png 768w, https://www.huppy-patrimoine.fr/wp-content/uploads/2019/08/Capture.png 807w" sizes="auto, (max-width: 300px) 100vw, 300px" /></p>
<p>&nbsp;</p>
<p><span style="font-family: 'times new roman', times, serif; font-size: 10pt; color: #000000;"><strong>Les raisons d’une Commémoration à Huppy ?</strong></span></p>
<p><span style="font-family: 'times new roman', times, serif; font-size: 10pt; color: #000000;">C’était du 20 mai au 7 juin 1940, au sud d’Abbeville.</span></p>
<p><span style="font-family: 'times new roman', times, serif; font-size: 10pt; color: #000000;">2020 sera l’année des 80 ans de cette bataille qui n’a eu aucun écho dans les livres d’histoire de nos jeunes générations. Et pourtant, il y a 80 ans dans cette région, s’est passée une bataille des plus incroyables de la seconde Guerre Mondiale. Racontée dans le livre d’Henri de Wailly, la région au sud d’Abbeville fit l’objet d’une bataille opposant les alliés contre les forces allemandes qui à ce moment de la guerre semblaient être invincible.</span></p>
<p><span style="font-family: 'times new roman', times, serif; font-size: 10pt; color: #000000;">Au soir du 28 mai 1940, Huppy est le premier village de la tête de pont mise en place par les allemands dés le 20 mai, à être repris à l’ennemie.                                                                                                                                                                                                                                                                                            <strong>1949</strong></span></p>
<p><span style="font-family: 'times new roman', times, serif; font-size: 10pt; color: #000000;">Le 29 mai 1949, est une journée inoubliable pour les huppinois. Plus de 5 000 personnes étaient présentent dans les rues et le parc du château de Huppy. Quel événement pouvait donc rassembler tant de personnes dans ce petit village du Vimeu de 700 âmes :</span></p>
<p><span style="font-family: 'times new roman', times, serif; font-size: 10pt; color: #000000;">La visite de celui qui 9 ans plutôt avait installé son poste de commandement dans l’enceinte du château de Huppy. Le général De Gaulle revenait à Huppy pour le premier rassemblement de la IV DCR. Ce jour là, après l’office religieux, célébré sur le perron du château et de l’inauguration de la plaque commémorative érigée sur le mur d’enceinte du château, le général De Gaulle, lors de son discours devant cette foule innombrable, prononça cette phrase :</span></p>
<p><span style="font-family: 'times new roman', times, serif; font-size: 10pt; color: #000000;"><strong><em>« Oui, c’est ici qu’en vint l’idée à celui qui vous parle, quand il s’aperçut d’abord que les Français, pourvu qu’ils fussent commandés et cohérents, ne le cédaient en rien à l’ennemie le mieux armé. »</em></strong></span></p>
<p><span style="font-family: 'times new roman', times, serif; font-size: 10pt; color: #000000;"><strong>1964</strong></span></p>
<p><span style="font-family: 'times new roman', times, serif; font-size: 10pt; color: #000000;">Charles De Gaulle, Président de la République, revient une dernière fois dans le village de Huppy lors de sa visite présidentielle en Picardie en juin 1964.</span></p>
<p><span style="font-family: 'times new roman', times, serif; font-size: 10pt; color: #000000;">Huppy, peut-être considéré comme le second lieu de naissance de ce militaire de stratège et du grand homme politique qu’était général De Gaulle.</span></p>
<p><span style="font-family: 'times new roman', times, serif; font-size: 10pt; color: #000000;"><strong>Le monument Européen &amp; La réconciliation</strong></span></p>
<p><span style="font-family: 'times new roman', times, serif; font-size: 10pt; color: #000000;">Érigé en 1990, à l’initiative de M. Robert Mallet, ancien recteur d’université, ancien combattant blessé en 1940,  le monument de Huppy est le témoin de la réconciliation entre les nations, de la construction de l’Europe et de son avenir. Il est le seul de la Picardie à porter sur sa face arrière les citations du général Charles De Gaulle et du Chancelier Konrad Adenauer et sur sa face avant les casques des trois belligérants de 1940 :</span></p>
<p><span style="font-family: 'times new roman', times, serif; font-size: 10pt; color: #000000;"><strong>Anglais – Français – Allemand</strong></span></p>
<p>Poursuivre sa lecture en cliquant sur:  <a href="https://www.huppy-patrimoine.fr/index.php/hitler-arrive-au-pouvoir/"><span style="color: #0000ff;">« Au fil de l’histoire »</span></a></p>

<p>&nbsp; &nbsp; Les raisons d’une Commémoration à Huppy ? C’était du 20 mai au 7 juin 1940, au sud d’Abbeville. 2020 sera l’année des 80</p>
