
{"id":1582,"date":"2019-08-09T18:56:16","date_gmt":"2019-08-09T16:56:16","guid":{"rendered":"https:\/\/www.huppy-patrimoine.fr\/?page_id=1582"},"modified":"2022-04-17T16:30:35","modified_gmt":"2022-04-17T14:30:35","slug":"huppy-ses-personnages-historiques","status":"publish","type":"page","link":"https:\/\/www.huppy-patrimoine.fr\/index.php\/huppy-ses-personnages-historiques\/","title":{"rendered":"Huppy ses personnages historiques"},"content":{"rendered":"<p style=\"text-align: center;\"><span style=\"color: #800000; font-family: 'times new roman', times, serif; font-size: 14pt;\"><strong>\u00ab Au fil de l\u2019histoire \u00bb<\/strong><\/span><\/p>\n<p style=\"text-align: center;\"><span style=\"color: #800000; font-family: 'times new roman', times, serif; font-size: 14pt;\"><strong>Huppy ses personnages historiques<\/strong><\/span><\/p>\n<p><span style=\"color: #000000; font-family: 'times new roman', times, serif; font-size: 14pt;\">\u00a0 Huppy est une commune de l\u2019Agglom\u00e9ration de la Baie de Somme de 850 habitants situ\u00e9e \u00e0 12 kilom\u00e8tres au \u00a0sud d\u2019Abbeville \u00e0 la limite du Vimeu et du Ponthieu, dans le d\u00e9partement de la Somme et de la r\u00e9gion des Hauts de France.<\/span><\/p>\n<p><span style=\"font-family: 'times new roman', times, serif; font-size: 14pt; color: #000000;\">\u00a0 Village au pass\u00e9 historique\u00a0:<\/span><\/p>\n<p><span style=\"font-family: 'times new roman', times, serif; font-size: 14pt; color: #000000;\">\u00a0 C\u2019est dans un des hameaux de Huppy, Poulti\u00e9res, qu\u2019est n\u00e9, en mai\u00a01653, le sculpteur jean Baptiste Poultier.<\/span><\/p>\n<p><span style=\"font-family: 'times new roman', times, serif; font-size: 14pt; color: #000000;\">\u00a0 Il fut un des sculpteurs de Louis XIV.<\/span><\/p>\n<p><span style=\"font-family: 'times new roman', times, serif; font-size: 14pt; color: #000000;\">\u00a0 Pour le ch\u00e2teau de Versailles, il ex\u00e9cute dans les jardins <strong><em>C\u00e9r\u00e8s <\/em><\/strong><em>et<strong> Didon, <\/strong>pour les bassins <strong>Enfants au miroir, <\/strong><\/em>pour la Chapelle royale<em><strong> Saint Athanase <\/strong>et <strong>Saint Basile<\/strong><\/em><strong>\u00a0<\/strong>ainsi que plusieurs\u00a0<em><strong>bas-reliefs<\/strong><\/em>.<\/span><\/p>\n<p><span style=\"font-family: 'times new roman', times, serif; font-size: 14pt; color: #000000;\">\u00a0 Il est agr\u00e9\u00e9 \u00e0 l\u2019Acad\u00e9mie royale en 1676, et en devient acad\u00e9micien en 1684 avec une\u00a0<em><strong>Vierge<\/strong><\/em><strong>\u00a0<\/strong>et un\u00a0<em><strong>Saint Jean<\/strong><\/em>\u00a0sur un dessin de\u00a0<em>Le Brun<\/em>. Il travaille \u00e9galement pour les ch\u00e2teaux de Marly <em><strong>Compagne de Diane<\/strong><\/em>, de Fontainebleau, de Meudon.<\/span><\/p>\n<p><span style=\"font-family: 'times new roman', times, serif; font-size: 14pt; color: #000000;\">\u00a0 Pour la cath\u00e9drale d\u2019Amiens, il est charg\u00e9 de l\u2019<em><strong>Autel<\/strong><\/em><strong>\u00a0<\/strong>et des statues de\u00a0<em><strong>Saint Fran\u00e7ois de la Salle<\/strong><\/em>\u00a0et de\u00a0<em><strong>Saint Firmin<\/strong>.<\/em><em>\u00a0\u00a0\u00a0<\/em><\/span><\/p>\n<p><span style=\"font-family: 'times new roman', times, serif; font-size: 14pt; color: #000000;\">\u00a0 A Paris, il travaille aussi pour Notre Dame <em><strong>La Charit\u00e9 et la Pers\u00e9v\u00e9rance<\/strong><\/em> et pour l\u2019\u00e9glise Notre Dame de Victoire <em><strong>Monument fun\u00e9raire du marquis de L\u2019H\u00f4pital<\/strong><\/em><strong>.<\/strong><\/span><\/p>\n<p><span style=\"font-family: 'times new roman', times, serif; font-size: 14pt; color: #000000;\">\u00a0 Pour Huppy il sculptera la statue de <strong><em>Saint Sulpice<\/em><\/strong>. Celle-ci ornera un le pilier du transept nord de l\u2019\u00e9glise jusqu\u2019aux bombardements de mai 1940. D\u00e9truite il ne reste aujourd\u2019hui que son chef visible dans le mus\u00e9e.<\/span><\/p>\n<p><span style=\"font-family: 'times new roman', times, serif; font-size: 14pt; color: #000000;\"><span style=\"color: #000000; font-family: times new roman, times, serif;\"><span style=\"font-size: 14pt;\">\u00a0\u00a0Huppy peut \u00e9galement s\u2019honorer de son <\/span><\/span><strong style=\"color: #000000; font-family: 'times new roman', times, serif; font-size: 14pt;\">cloqueteux<\/strong><span style=\"color: #000000; font-family: times new roman, times, serif;\"><span style=\"font-size: 14pt;\">, et de son <\/span><\/span><strong style=\"color: #000000; font-family: 'times new roman', times, serif; font-size: 14pt;\">Suisse<\/strong><span style=\"color: #000000; font-family: times new roman, times, serif;\"><span style=\"font-size: 14pt;\">, personnages embl\u00e9matiques du village et de bien d&rsquo;autres personnages qui ont marqu\u00e9 de leur empreinte le village de Huppy, tel que <\/span><\/span><b style=\"color: #000000; font-family: 'times new roman', times, serif; font-size: 14pt;\">Lucien Caron,<\/b> marionnettiste de <span style=\"color: #000000; font-family: times new roman, times, serif;\"><span style=\"font-size: 18.6667px;\">renomm\u00e9e<\/span><\/span> internationale, dont l&rsquo;ASPACHuppy a honor\u00e9 en mars 2022 pour son centenaire. <a href=\"https:\/\/www.huppy-patrimoine.fr\/index.php\/centenaire-lucien-caron\/\">Une page lui est d\u00e9di\u00e9e<\/a>\u00a0<\/span><\/p>\n<p><span style=\"font-family: 'times new roman', times, serif; font-size: 14pt; color: #000000;\">\u00a0 Et plus pr\u00e9s de nous, les venues du G\u00e9n\u00e9ral De Gaulle, bien sur lors de la bataille d\u2019Abbeville en mai juin 1940, et par la suite en 1949 et 1964.<\/span><\/p>\n<p>Poursuivre sa lecture en cliquant sur:\u00a0<a href=\"https:\/\/www.huppy-patrimoine.fr\/index.php\/les-annees-folles\/\"> <span style=\"color: #0000ff;\">\u00ab Au fil de l\u2019histoire\u00a0\u00bb<\/span><\/a><\/p>\n","protected":false},"excerpt":{"rendered":"<p>\u00ab Au fil de l\u2019histoire \u00bb Huppy ses personnages historiques \u00a0 Huppy est une commune de l\u2019Agglom\u00e9ration de la Baie de Somme de 850 habitants<\/p>\n","protected":false},"author":2,"featured_media":0,"parent":0,"menu_order":0,"comment_status":"closed","ping_status":"closed","template":"","meta":{"footnotes":""},"categories":[],"tags":[],"class_list":["post-1582","page","type-page","status-publish","hentry"],"_links":{"self":[{"href":"https:\/\/www.huppy-patrimoine.fr\/index.php\/wp-json\/wp\/v2\/pages\/1582","targetHints":{"allow":["GET"]}}],"collection":[{"href":"https:\/\/www.huppy-patrimoine.fr\/index.php\/wp-json\/wp\/v2\/pages"}],"about":[{"href":"https:\/\/www.huppy-patrimoine.fr\/index.php\/wp-json\/wp\/v2\/types\/page"}],"author":[{"embeddable":true,"href":"https:\/\/www.huppy-patrimoine.fr\/index.php\/wp-json\/wp\/v2\/users\/2"}],"replies":[{"embeddable":true,"href":"https:\/\/www.huppy-patrimoine.fr\/index.php\/wp-json\/wp\/v2\/comments?post=1582"}],"version-history":[{"count":9,"href":"https:\/\/www.huppy-patrimoine.fr\/index.php\/wp-json\/wp\/v2\/pages\/1582\/revisions"}],"predecessor-version":[{"id":1596,"href":"https:\/\/www.huppy-patrimoine.fr\/index.php\/wp-json\/wp\/v2\/pages\/1582\/revisions\/1596"}],"wp:attachment":[{"href":"https:\/\/www.huppy-patrimoine.fr\/index.php\/wp-json\/wp\/v2\/media?parent=1582"}],"wp:term":[{"taxonomy":"category","embeddable":true,"href":"https:\/\/www.huppy-patrimoine.fr\/index.php\/wp-json\/wp\/v2\/categories?post=1582"},{"taxonomy":"post_tag","embeddable":true,"href":"https:\/\/www.huppy-patrimoine.fr\/index.php\/wp-json\/wp\/v2\/tags?post=1582"}],"curies":[{"name":"wp","href":"https:\/\/api.w.org\/{rel}","templated":true}]}}