
{"id":2461,"date":"2020-03-05T16:52:38","date_gmt":"2020-03-05T15:52:38","guid":{"rendered":"https:\/\/www.huppy-patrimoine.fr\/?page_id=2461"},"modified":"2020-06-05T14:31:02","modified_gmt":"2020-06-05T12:31:02","slug":"parcours-huppy","status":"publish","type":"page","link":"https:\/\/www.huppy-patrimoine.fr\/index.php\/parcours-huppy\/","title":{"rendered":"PARCOURS HUPPY de Gaulle 2020"},"content":{"rendered":"<p><strong><span style=\"color: #ff0000; font-size: 14pt;\">\u00a0<span style=\"font-size: 12pt;\"> \u00a0Huppy De GAULLE 2020, a \u00e9t\u00e9 annul\u00e9 en raison de la situation sanitaire actuelle.<\/span><\/span><\/strong><\/p>\n<p><span style=\"font-size: 12pt;\"><strong><span style=\"color: #ff0000;\">Le pr\u00e9sident de l\u2019ASPACHuppy<\/span><\/strong><\/span><\/p>\n<h2 style=\"text-align: center;\"><span style=\"font-family: arial, helvetica, sans-serif;\">HUPPY de GAULLE 2020 <\/span><\/h2>\n<h3 style=\"text-align: center;\"><span style=\"font-family: arial, helvetica, sans-serif;\">D\u00e9tail du Parcours le 30 mai 2020<\/span><\/h3>\n<table style=\"border: none; width: 100%;\">\n<tbody>\n<tr>\n<td style=\"width: 33.3333%; text-align: center;\"><a class=\"maxbutton-1 maxbutton maxbutton-telecharger-le-programme\" target=\"_blank\" rel=\"noopener\" href=\"https:\/\/www.huppy-patrimoine.fr\/wp-content\/uploads\/2020\/02\/programme-Huppy-2020-1.pdf\"><span class='mb-text'>T\u00e9l\u00e9charger cette page<\/span><\/a><\/td>\n<td style=\"width: 33.3333%; text-align: center;\"><a class=\"maxbutton-1 maxbutton maxbutton-telecharger-le-programme\" target=\"_blank\" rel=\"noopener\" href=\"https:\/\/www.huppy-patrimoine.fr\/wp-content\/uploads\/2020\/03\/flyer-huppy-mai-2020.pdf\"><span class='mb-text'>T\u00e9l\u00e9charger le flyer<\/span><\/a><\/td>\n<td style=\"width: 33.3333%; text-align: center;\"><a class=\"maxbutton-2 maxbutton maxbutton-telecharger-le-programme\" target=\"_blank\" rel=\"noopener\" href=\"https:\/\/www.huppy-patrimoine.fr\/wp-content\/uploads\/2020\/03\/parcours-Huppy-2020.pdf\"><span class='mb-text'>T\u00e9l\u00e9charger le Parcours<\/span><\/a><\/td>\n<\/tr>\n<\/tbody>\n<\/table>\n<p>&nbsp;<\/p>\n<p style=\"text-align: center;\"><div class=\"_df_book df-lite\" id=\"df_2481\"  _slug=\"2481\" data-title=\"parcours-huppy-de-gaulle-2020\" wpoptions=\"true\" thumb=\"https:\/\/www.huppy-patrimoine.fr\/wp-content\/uploads\/2020\/03\/Capture-d\u2019e\u0301cran-2020-03-05-a\u0300-18.57.02.png\" thumbtype=\"\" ><\/div><script class=\"df-shortcode-script\" nowprocket type=\"application\/javascript\">window.option_df_2481 = {\"outline\":[],\"autoEnableOutline\":\"false\",\"autoEnableThumbnail\":\"false\",\"overwritePDFOutline\":\"false\",\"direction\":\"1\",\"pageMode\":\"0\",\"source\":\"https:\\\/\\\/www.huppy-patrimoine.fr\\\/wp-content\\\/uploads\\\/2020\\\/03\\\/parcours-flip-A5-2.pdf\",\"wpOptions\":\"true\"}; if(window.DFLIP && window.DFLIP.parseBooks){window.DFLIP.parseBooks();}<\/script><\/p>\n","protected":false},"excerpt":{"rendered":"<p>\u00a0 \u00a0Huppy De GAULLE 2020, a \u00e9t\u00e9 annul\u00e9 en raison de la situation sanitaire actuelle. Le pr\u00e9sident de l\u2019ASPACHuppy HUPPY de GAULLE 2020 D\u00e9tail du<\/p>\n","protected":false},"author":2,"featured_media":0,"parent":0,"menu_order":0,"comment_status":"closed","ping_status":"closed","template":"page-templates\/template-team.php","meta":{"footnotes":""},"categories":[16,14,38],"tags":[],"class_list":["post-2461","page","type-page","status-publish","hentry","category-evenements-a-venir","category-histoire","category-huppy-de-gaulle-2020"],"_links":{"self":[{"href":"https:\/\/www.huppy-patrimoine.fr\/index.php\/wp-json\/wp\/v2\/pages\/2461","targetHints":{"allow":["GET"]}}],"collection":[{"href":"https:\/\/www.huppy-patrimoine.fr\/index.php\/wp-json\/wp\/v2\/pages"}],"about":[{"href":"https:\/\/www.huppy-patrimoine.fr\/index.php\/wp-json\/wp\/v2\/types\/page"}],"author":[{"embeddable":true,"href":"https:\/\/www.huppy-patrimoine.fr\/index.php\/wp-json\/wp\/v2\/users\/2"}],"replies":[{"embeddable":true,"href":"https:\/\/www.huppy-patrimoine.fr\/index.php\/wp-json\/wp\/v2\/comments?post=2461"}],"version-history":[{"count":17,"href":"https:\/\/www.huppy-patrimoine.fr\/index.php\/wp-json\/wp\/v2\/pages\/2461\/revisions"}],"predecessor-version":[{"id":2891,"href":"https:\/\/www.huppy-patrimoine.fr\/index.php\/wp-json\/wp\/v2\/pages\/2461\/revisions\/2891"}],"wp:attachment":[{"href":"https:\/\/www.huppy-patrimoine.fr\/index.php\/wp-json\/wp\/v2\/media?parent=2461"}],"wp:term":[{"taxonomy":"category","embeddable":true,"href":"https:\/\/www.huppy-patrimoine.fr\/index.php\/wp-json\/wp\/v2\/categories?post=2461"},{"taxonomy":"post_tag","embeddable":true,"href":"https:\/\/www.huppy-patrimoine.fr\/index.php\/wp-json\/wp\/v2\/tags?post=2461"}],"curies":[{"name":"wp","href":"https:\/\/api.w.org\/{rel}","templated":true}]}}