
{"id":4429,"date":"2021-11-27T17:58:49","date_gmt":"2021-11-27T16:58:49","guid":{"rendered":"https:\/\/www.huppy-patrimoine.fr\/?page_id=4429"},"modified":"2022-04-27T16:04:18","modified_gmt":"2022-04-27T14:04:18","slug":"etienne-detre","status":"publish","type":"page","link":"https:\/\/www.huppy-patrimoine.fr\/index.php\/etienne-detre\/","title":{"rendered":"Etienne D\u00e9tr\u00e9"},"content":{"rendered":"<p><iframe loading=\"lazy\" title=\"\u00c9tienne D\u00e9tr\u00e9 - Les Pieds sur Terre\" width=\"783\" height=\"440\" src=\"https:\/\/www.youtube.com\/embed\/jKjN5uOuBsE?feature=oembed\" frameborder=\"0\" allow=\"accelerometer; autoplay; clipboard-write; encrypted-media; gyroscope; picture-in-picture\" allowfullscreen><\/iframe><\/p>\n<p><a href=\"https:\/\/www.huppy-patrimoine.fr\/index.php\/page-d-exemple\/capture-6\/\" rel=\"attachment wp-att-4060\"><img loading=\"lazy\" decoding=\"async\" class=\"size-large wp-image-4060 aligncenter\" src=\"https:\/\/www.huppy-patrimoine.fr\/wp-content\/uploads\/2021\/05\/Capture-1024x665.png\" alt=\"\" width=\"783\" height=\"508\" srcset=\"https:\/\/www.huppy-patrimoine.fr\/wp-content\/uploads\/2021\/05\/Capture-1024x665.png 1024w, https:\/\/www.huppy-patrimoine.fr\/wp-content\/uploads\/2021\/05\/Capture-300x195.png 300w, https:\/\/www.huppy-patrimoine.fr\/wp-content\/uploads\/2021\/05\/Capture-768x499.png 768w, https:\/\/www.huppy-patrimoine.fr\/wp-content\/uploads\/2021\/05\/Capture.png 1172w\" sizes=\"auto, (max-width: 783px) 100vw, 783px\" \/><\/a><\/p>\n","protected":false},"excerpt":{"rendered":"","protected":false},"author":2,"featured_media":0,"parent":0,"menu_order":0,"comment_status":"closed","ping_status":"closed","template":"","meta":{"footnotes":""},"categories":[],"tags":[],"class_list":["post-4429","page","type-page","status-publish","hentry"],"_links":{"self":[{"href":"https:\/\/www.huppy-patrimoine.fr\/index.php\/wp-json\/wp\/v2\/pages\/4429","targetHints":{"allow":["GET"]}}],"collection":[{"href":"https:\/\/www.huppy-patrimoine.fr\/index.php\/wp-json\/wp\/v2\/pages"}],"about":[{"href":"https:\/\/www.huppy-patrimoine.fr\/index.php\/wp-json\/wp\/v2\/types\/page"}],"author":[{"embeddable":true,"href":"https:\/\/www.huppy-patrimoine.fr\/index.php\/wp-json\/wp\/v2\/users\/2"}],"replies":[{"embeddable":true,"href":"https:\/\/www.huppy-patrimoine.fr\/index.php\/wp-json\/wp\/v2\/comments?post=4429"}],"version-history":[{"count":5,"href":"https:\/\/www.huppy-patrimoine.fr\/index.php\/wp-json\/wp\/v2\/pages\/4429\/revisions"}],"predecessor-version":[{"id":4459,"href":"https:\/\/www.huppy-patrimoine.fr\/index.php\/wp-json\/wp\/v2\/pages\/4429\/revisions\/4459"}],"wp:attachment":[{"href":"https:\/\/www.huppy-patrimoine.fr\/index.php\/wp-json\/wp\/v2\/media?parent=4429"}],"wp:term":[{"taxonomy":"category","embeddable":true,"href":"https:\/\/www.huppy-patrimoine.fr\/index.php\/wp-json\/wp\/v2\/categories?post=4429"},{"taxonomy":"post_tag","embeddable":true,"href":"https:\/\/www.huppy-patrimoine.fr\/index.php\/wp-json\/wp\/v2\/tags?post=4429"}],"curies":[{"name":"wp","href":"https:\/\/api.w.org\/{rel}","templated":true}]}}