
{"id":6098,"date":"2022-05-08T17:02:08","date_gmt":"2022-05-08T15:02:08","guid":{"rendered":"https:\/\/www.huppy-patrimoine.fr\/?page_id=6098"},"modified":"2026-02-15T13:46:59","modified_gmt":"2026-02-15T12:46:59","slug":"la-municipalite-de-huppy","status":"publish","type":"page","link":"https:\/\/www.huppy-patrimoine.fr\/index.php\/la-municipalite-de-huppy\/","title":{"rendered":"Manifestations et c\u00e9r\u00e9monies de la municipalit\u00e9 de Huppy"},"content":{"rendered":"<table style=\"width: 75%; border-collapse: collapse; height: 268px;\">\n<tbody>\n<tr style=\"height: 268px;\">\n<td style=\"width: 24.9685%; border-style: double; border-color: #2544f5; background-color: #e8e8e8; text-align: center; height: 268px;\">\n<figure id=\"attachment_6122\" aria-describedby=\"caption-attachment-6122\" style=\"width: 150px\" class=\"wp-caption aligncenter\"><a href=\" https:\/\/www.huppy-patrimoine.fr\/index.php\/les-ceremonies-patriotiques\/\"><img loading=\"lazy\" decoding=\"async\" class=\"wp-image-6122 size-thumbnail\" src=\"https:\/\/www.huppy-patrimoine.fr\/wp-content\/uploads\/2022\/05\/aspach011-2-150x150.jpg\" alt=\"\" width=\"150\" height=\"150\" \/><\/a><figcaption id=\"caption-attachment-6122\" class=\"wp-caption-text\"><span style=\"font-size: 14pt; color: #800000;\"><strong><span style=\"font-family: 'times new roman', times, serif;\">\u00a0C\u00e9r\u00e9monies du 8 mai<\/span><\/strong><\/span><\/figcaption><\/figure>\n<p>&nbsp;<\/td>\n<td style=\"width: 24.9685%; border-style: double; border-color: #2544f5; background-color: #e8e8e8; text-align: center; height: 268px;\">\n<p><figure id=\"attachment_6160\" aria-describedby=\"caption-attachment-6160\" style=\"width: 150px\" class=\"wp-caption aligncenter\"><a href=\"https:\/\/www.huppy-patrimoine.fr\/index.php\/lappel-du-18-juin\/\"><img loading=\"lazy\" decoding=\"async\" class=\"wp-image-6160 size-thumbnail\" src=\"https:\/\/www.huppy-patrimoine.fr\/wp-content\/uploads\/2022\/05\/Mr-leger-et-berthe-18-juin-2-150x150.jpg\" alt=\"\" width=\"150\" height=\"150\" srcset=\"https:\/\/www.huppy-patrimoine.fr\/wp-content\/uploads\/2022\/05\/Mr-leger-et-berthe-18-juin-2-150x150.jpg 150w, https:\/\/www.huppy-patrimoine.fr\/wp-content\/uploads\/2022\/05\/Mr-leger-et-berthe-18-juin-2-300x300.jpg 300w, https:\/\/www.huppy-patrimoine.fr\/wp-content\/uploads\/2022\/05\/Mr-leger-et-berthe-18-juin-2.jpg 501w\" sizes=\"auto, (max-width: 150px) 100vw, 150px\" \/><\/a><figcaption id=\"caption-attachment-6160\" class=\"wp-caption-text\"><span style=\"color: #800000;\"><strong><span style=\"font-size: 14pt; font-family: 'times new roman', times, serif;\">L&rsquo;Appel du 18 juin<\/span><\/strong><\/span><\/figcaption><\/figure><\/td>\n<td style=\"width: 24.9685%; border-style: double; border-color: #2544f5; background-color: #e8e8e8; text-align: center; height: 268px;\"><span style=\"color: #800000;\"><span style=\"font-family: 'times new roman', times, serif; font-size: 14pt;\"><span style=\"color: #800000; font-family: times new roman, times, serif;\"><span style=\"font-size: 18.6667px;\"><b>C\u00e9r\u00e9monies<\/b><\/span><\/span><span style=\"color: #800000; font-family: times new roman, times, serif;\"><span style=\"font-size: 14pt;\"><b>\u00a0du 14 juillet<\/b><\/span><\/span><\/span><\/span><\/td>\n<td style=\"width: 24.9685%; border-style: double; border-color: #2544f5; background-color: #e8e8e8; text-align: center; height: 268px;\">\n<p><figure id=\"attachment_6225\" aria-describedby=\"caption-attachment-6225\" style=\"width: 150px\" class=\"wp-caption aligncenter\"><a href=\"https:\/\/www.huppy-patrimoine.fr\/index.php\/les-ceremonies-patriotiques-du-11-novembre-a-huppy\/\"><img loading=\"lazy\" decoding=\"async\" class=\"wp-image-6225 size-thumbnail\" src=\"https:\/\/www.huppy-patrimoine.fr\/wp-content\/uploads\/2022\/05\/IMGP3941-2-150x150.jpg\" alt=\"\" width=\"150\" height=\"150\" srcset=\"https:\/\/www.huppy-patrimoine.fr\/wp-content\/uploads\/2022\/05\/IMGP3941-2-150x150.jpg 150w, https:\/\/www.huppy-patrimoine.fr\/wp-content\/uploads\/2022\/05\/IMGP3941-2-300x300.jpg 300w, https:\/\/www.huppy-patrimoine.fr\/wp-content\/uploads\/2022\/05\/IMGP3941-2-1024x1024.jpg 1024w, https:\/\/www.huppy-patrimoine.fr\/wp-content\/uploads\/2022\/05\/IMGP3941-2-768x768.jpg 768w, https:\/\/www.huppy-patrimoine.fr\/wp-content\/uploads\/2022\/05\/IMGP3941-2-1536x1536.jpg 1536w, https:\/\/www.huppy-patrimoine.fr\/wp-content\/uploads\/2022\/05\/IMGP3941-2-2048x2048.jpg 2048w\" sizes=\"auto, (max-width: 150px) 100vw, 150px\" \/><\/a><figcaption id=\"caption-attachment-6225\" class=\"wp-caption-text\"><span style=\"color: #800000;\"><strong><span style=\"font-family: 'times new roman', times, serif; font-size: 14pt;\">C\u00e9r\u00e9monies du 11 novembre<\/span><\/strong><\/span><\/figcaption><\/figure><\/td>\n<\/tr>\n<\/tbody>\n<\/table>\n<p>&nbsp;<\/p>\n<p>&nbsp;<\/p>\n<figure id=\"attachment_7306\" aria-describedby=\"caption-attachment-7306\" style=\"width: 150px\" class=\"wp-caption aligncenter\"><a href=\"https:\/\/www.huppy.net\/#:~:text=ARTICLES%20R%C3%89CENTS-,Intramuros%20%3A%20les%20derni%C3%A8res%20nouvelles%20d%E2%80%99Huppy,-Forum%20des%20Associations\"><img loading=\"lazy\" decoding=\"async\" class=\"wp-image-7306 size-thumbnail\" src=\"https:\/\/www.huppy-patrimoine.fr\/wp-content\/uploads\/2023\/03\/th-1-150x150.jpg\" alt=\"\" width=\"150\" height=\"150\" srcset=\"https:\/\/www.huppy-patrimoine.fr\/wp-content\/uploads\/2023\/03\/th-1-150x150.jpg 150w, https:\/\/www.huppy-patrimoine.fr\/wp-content\/uploads\/2023\/03\/th-1-300x300.jpg 300w, https:\/\/www.huppy-patrimoine.fr\/wp-content\/uploads\/2023\/03\/th-1.jpg 474w\" sizes=\"auto, (max-width: 150px) 100vw, 150px\" \/><\/a><figcaption id=\"caption-attachment-7306\" class=\"wp-caption-text\"><span style=\"color: #800000;\"><strong><span style=\"font-family: 'times new roman', times, serif; font-size: 10pt;\">INTRAMUROS :\u00a0 \u00a0 \u00a0 \u00a0 \u00a0 LES DERNI\u00c8RES NOUVELLES D\u2019HUPPY<\/span><\/strong><\/span><\/figcaption><\/figure>\n","protected":false},"excerpt":{"rendered":"<p>&nbsp; C\u00e9r\u00e9monies\u00a0du 14 juillet &nbsp; &nbsp;<\/p>\n","protected":false},"author":2,"featured_media":0,"parent":0,"menu_order":0,"comment_status":"closed","ping_status":"closed","template":"","meta":{"footnotes":""},"categories":[],"tags":[],"class_list":["post-6098","page","type-page","status-publish","hentry"],"_links":{"self":[{"href":"https:\/\/www.huppy-patrimoine.fr\/index.php\/wp-json\/wp\/v2\/pages\/6098","targetHints":{"allow":["GET"]}}],"collection":[{"href":"https:\/\/www.huppy-patrimoine.fr\/index.php\/wp-json\/wp\/v2\/pages"}],"about":[{"href":"https:\/\/www.huppy-patrimoine.fr\/index.php\/wp-json\/wp\/v2\/types\/page"}],"author":[{"embeddable":true,"href":"https:\/\/www.huppy-patrimoine.fr\/index.php\/wp-json\/wp\/v2\/users\/2"}],"replies":[{"embeddable":true,"href":"https:\/\/www.huppy-patrimoine.fr\/index.php\/wp-json\/wp\/v2\/comments?post=6098"}],"version-history":[{"count":33,"href":"https:\/\/www.huppy-patrimoine.fr\/index.php\/wp-json\/wp\/v2\/pages\/6098\/revisions"}],"predecessor-version":[{"id":8988,"href":"https:\/\/www.huppy-patrimoine.fr\/index.php\/wp-json\/wp\/v2\/pages\/6098\/revisions\/8988"}],"wp:attachment":[{"href":"https:\/\/www.huppy-patrimoine.fr\/index.php\/wp-json\/wp\/v2\/media?parent=6098"}],"wp:term":[{"taxonomy":"category","embeddable":true,"href":"https:\/\/www.huppy-patrimoine.fr\/index.php\/wp-json\/wp\/v2\/categories?post=6098"},{"taxonomy":"post_tag","embeddable":true,"href":"https:\/\/www.huppy-patrimoine.fr\/index.php\/wp-json\/wp\/v2\/tags?post=6098"}],"curies":[{"name":"wp","href":"https:\/\/api.w.org\/{rel}","templated":true}]}}